{"id":115,"date":"2019-10-18T16:16:08","date_gmt":"2019-10-18T16:16:08","guid":{"rendered":"https:\/\/eportfolios.capilanou.ca\/dallasmckinnon\/?page_id=115"},"modified":"2019-12-06T06:38:49","modified_gmt":"2019-12-06T06:38:49","slug":"final-paper","status":"publish","type":"page","link":"https:\/\/eportfolios.capilanou.ca\/dallasmckinnon\/final-paper\/","title":{"rendered":"Final Paper"},"content":{"rendered":"\n<p>Pay Transparency: Figurative Laser Eye Surgery for the Modern Workplace<\/p>\n\n\n\n<p>\tIn today\u2019s age of information, the public is becoming increasingly knowledgeable about the elements that influence their life. One subject that has become a mainstream is that of job satisfaction. Workers today, in any field, are longing for a sense of control over their occupation situation. Pay transparency has been at the forefront of these discussions. In this paper we will explore the effects of pay transparency in the workplace and whether or not it is an overall positive influence on the workplace.<\/p>\n\n\n\n<p>Before we can examine the effects of pay transparency, we must first define and examine pay secrecy. Pay secrecy is an enforceable company policy that prohibits co-workers from discussing and comparing salaries with one another. Pay Secrecy as company policy would not exist if it did not bring its own advantages to the table. In \u201cPay Secrecy: Pros and Cons,\u201d Neboj\u0161a Jani\u0107ijevi\u0107 explores the leverage that pay secrecy can provide a business. These points of leverage can be categorized into \u201cimproved organizational control and less conflict, greater possibilities of differentiation between good and bad workers, ensuring employees\u2019 privacy, and reduced turnover of employees (Jani\u0107ijevi\u0107 231).\u201d In essence, the less information employees can access, the greater control managerial positions have over them. This puts the employee into a position where there is no grounds for discussion of compensation, thus leading to a reduction of salary conflict. Conflict can be detrimental to a company\u2019s productivity as it can redirect a company\u2019s attention away from its original mission statement and lead emotion to govern decisions, rather than logic. The second advantage is to contrast between the effective and ineffective workers. In a pay secret environment, companies are able to discern productive workers from the rest and compensate the preferred workers accordingly. The last advantage of a pay secret workplace is that of lowering employee turnover. Loss of employees is detrimental to a company mainly that newly recruited employees are generally less productive, require time and resources to train, and the uncertainty that they will be a good fit for the organization. Pay secrecy minimizes these risks as employees are not able to compare salary with one another creating a mindset of uncertainty that discourages risky decisions, such as leaving to work elsewhere.<\/p>\n\n\n\n<p>Pay secrecy is not without its disadvantages. The negative effects of a pay secretive workplace include a decreased motivation, trust, and loyalty of an organization. \u201cThe reason for such behaviour is the strong need of the employees for distributive justice, that is, for the feeling of internal equities accomplished (Jani\u0107ijevi\u0107 228).\u201d In effect, companies that unsuccessfully employ pay secretive policies can be seen as having something to hide and lose employee trust. This is because the role of the manager is to serve the employees. Managerial positions exist to allow the employees to become more efficient and productive, to let the worker focus on their work. Pay secrecy is a smokescreen in the eyes of the employee leaving them feeling like an insignificant part of an organization. Employee apathy inevitably leads to decreased motivation to work, decreased productivity, and ultimately a departure from the organization.<\/p>\n\n\n\n<p>\tThe prevalence in pay secrecy was bound to give birth to a counter movement. Pay transparency has been gaining popularity as employees are becoming more savvy of business practices, possibly thanks to information currently available through a simple internet search. The current main body of employees belong are millennials who are less concerned about work life balance as the generation before them. Work life integration has been on the rise and as a result workers are treating employment as an integral part of life rather than a task to be done. Consequently, a sense of control over employment and its components is desired. Pay transparency is seen as a step toward this idea.<\/p>\n\n\n\n<p>Pay transparency comes with its own suite of advantages as well. Namely, it is a step toward narrowing gender, racial, and ethnic based pay gaps. Even though there are laws prohibiting salary discrimination based on a gender, racial, and ethnic basis, transparency of salary holds organizations and companies accountable for fair compensation distibution. Essentially it acts as a clear and visible safety measure against salary discrimination. \u201cOther benefits of salary transparency for an organization include enhanced employee understanding of the business, a culture of trust, collegiality, openness as employees and managers share information, and the ability to create performance-based system of compensation that is understood by all employees (Trotter et al.).\u201d An open flow of information between employees and managers gives the employee agency over their decision to remain in or leave an organization. As a result, organizations will have to maintain a favourable reputation with employees in order to sustain a healthy workforce.&nbsp;<\/p>\n\n\n\n<p>Pay transparency is not all roses however. Transparency disallows companies to acquire outstanding production talent for lower than acceptable rates. Though this may seem like an advantage for transparency, it acts as a double edged sword. Transparency means that companies will be forced to have smaller teams. Talent acquisition is immensely important for company output. If companies cannot achieve the same quantity and quality of production that consumers or clients are used to, it will lead to a bottlenecking of growth. This can lead to loss of work for talent as the company will not be able to reach consumer demands and another company that practices pay secrecy would absorb the business. \u201cCompetitors would just need to offer an employee another $20,000, and soon they can take our whole engineering team (Cooney)\u201d Similarly to pay secrecy, pay transparency can also lead to employee apathy. This is due to our nature of comparing ourselves to one another. In an ideal situation, an employee would see a difference in pay as a motivator to improve the quality of their work or boost their productivity. In reality, this can lead to apathy as workers will feel like they are not being compensated adequately for work being done. Nancy Modesitt, Associate Professor of Law, introduces us to a study that demonstrates that employees that are below median salary for their position were dissatisfied and desired to change jobs. She finds that \u201cThis was not offset by improvements in employee morale among those who were paid higher than the median salary. Thus, there was a net overall decrease in employee morale.\u201d&nbsp;<\/p>\n\n\n\n<p>Many companies are reluctant to implement pay transparency as it comes with a laundry list of policies and government guidelines to follow. \u201cPay transparency means that pay practices will have to survive under new conditions, subject to closer scrutiny by applicants, employees, upper management and audit committees, unions, customers and the government (Friedman).\u201d Elena Belogolovsky and Peter A. Bamberger suggest the concept of \u201cpartial openness\u201d as a solution, or stepping stone, towards complete transparency. \u201cFor example, organizations might provide employees with information on pay ranges and\/or the schedule detailing how, at the aggregate level, merit increases and\/or bonus payments link to performance rating and position in the pay range (Belogolovsky 1727).\u201d In Ontario, the Pay Transparency Act, 2018, is delayed from January 1, 2019, \u201cto a day to be named by proclamation of the Lieutenant Governor.\u201d With the increased ease of access to information, the reasoning of employee privacy security is becoming less and less relevant. Pay transparency puts the power to decide to keep working at an organization in the workers\u2019 hands. Ultimately, pay transparency is a step towards personal agency and freedom. I believe that this demand for complete honesty can be applied to broader topics, such as politics, where we can strive for universal transparency in terms of our occupations and our governance.&nbsp;<\/p>\n\n\n\n<p>Works Cited<\/p>\n\n\n\n<p>BELOGOLOVSKY, ELENA, and PETER A. BAMBERGER. \u201cSignaling in Secret: Pay for&nbsp;Performance and the Incentive and Sorting Effects of Pay Secrecy.\u201d Academy of Management Journal, vol. 57, no. 6, Dec. 2014, pp. 1706\u20131733. EBSCOhost, doi:10.5465\/amj.2012.0937.<\/p>\n\n\n\n<p>COONEY, SAMANTHA. \u201cShould You Share Your Salary With Co-Workers? Here\u2019s What&nbsp;Experts Say.\u201d Time Magazine, 14 Aug 2018, https:\/\/time.com\/5353848\/salary-pay-transparency-work.<\/p>\n\n\n\n<p>FRIEDMAN, DEBRA S. (2014). \u201cPay Transparency: The New Way of Doing Business.\u201d&nbsp;Compensation &amp; Benefits Review, vol. 46, no. 5-6 , Feb. 2015, pp. 292\u2013294. Sage Journals, https:\/\/doi.org\/10.1177\/1541204014560482.&nbsp;<\/p>\n\n\n\n<p>JANI\u0106IJEVI\u0106, NEBOJ\u0160A. \u201cPay secrecy: Pros and Cons.\u201d Review Paper, 5 Feb 2016.&nbsp;SemanticScholar, https:\/\/pdfs.semanticscholar.org\/351f\/4830afa4f3f08b09cc37a5b43807bb276245.pdf?_ga=2.250979718.1404171673.1574381238-1382578936.1574381238.<\/p>\n\n\n\n<p>MODESITT, NANCY. \u201cWhy pay transparency alone won&#8217;t eliminate the persistent wage gap&nbsp;between men and women.\u201d World Economic Forum, 5 Apr 2019, https:\/\/www.weforum.org\/agenda\/2019\/04\/why-pay-transparency-alone-wont-eliminate-the-persistent-wage-gap-between-men-and-women.<\/p>\n\n\n\n<p>TROTTER, RICHARD G., SUSAN RAWSON SACUR and LISA T. STICKNEY. \u201cThe New&nbsp;Age of Pay Transparency.\u201d Business Horizons, vol. 60, no. 4, Apr. 2017, pp. 529-539. ScienceDirect, https:\/\/www.sciencedirect.com\/science\/article\/pii\/S0007681317300356#!.<\/p>\n\n\n\n<p>WONG, KRISTIN. \u201cWant to Close the Pay Gap? Pay Transparency Will Help.\u201d New York&nbsp;Times, 20 Jan 2019, https:\/\/www.nytimes.com\/2019\/01\/20\/smarter-living\/pay-wage-gap-salary-secrecy-transparency.html.<br><\/p>\n\n\n\n<figure class=\"wp-block-image\"><img loading=\"lazy\" decoding=\"async\" width=\"1024\" height=\"576\" src=\"https:\/\/eportfolios.capilanou.ca\/dallasmckinnon\/wp-content\/uploads\/sites\/9738\/2019\/10\/maxresdefault-1024x576.jpg\" alt=\"\" class=\"wp-image-147\" srcset=\"https:\/\/eportfolios.capilanou.ca\/dallasmckinnon\/wp-content\/uploads\/sites\/9738\/2019\/10\/maxresdefault-1024x576.jpg 1024w, https:\/\/eportfolios.capilanou.ca\/dallasmckinnon\/wp-content\/uploads\/sites\/9738\/2019\/10\/maxresdefault-300x169.jpg 300w, https:\/\/eportfolios.capilanou.ca\/dallasmckinnon\/wp-content\/uploads\/sites\/9738\/2019\/10\/maxresdefault-768x432.jpg 768w, https:\/\/eportfolios.capilanou.ca\/dallasmckinnon\/wp-content\/uploads\/sites\/9738\/2019\/10\/maxresdefault-171x96.jpg 171w, https:\/\/eportfolios.capilanou.ca\/dallasmckinnon\/wp-content\/uploads\/sites\/9738\/2019\/10\/maxresdefault.jpg 1280w\" sizes=\"auto, (max-width: 1024px) 100vw, 1024px\" \/><\/figure>\n","protected":false},"excerpt":{"rendered":"<p>Pay Transparency: Figurative Laser Eye Surgery for the Modern Workplace In today\u2019s age of information, the public is becoming increasingly knowledgeable about the elements that influence their life. One subject that has become a mainstream is that of job satisfaction. Workers today, in any field, are longing for a sense of control over their occupation [&hellip;]<\/p>\n","protected":false},"author":9746,"featured_media":0,"parent":0,"menu_order":0,"comment_status":"closed","ping_status":"closed","template":"","meta":{"footnotes":""},"class_list":["post-115","page","type-page","status-publish","hentry","has-post-thumbnail"],"_links":{"self":[{"href":"https:\/\/eportfolios.capilanou.ca\/dallasmckinnon\/wp-json\/wp\/v2\/pages\/115","targetHints":{"allow":["GET"]}}],"collection":[{"href":"https:\/\/eportfolios.capilanou.ca\/dallasmckinnon\/wp-json\/wp\/v2\/pages"}],"about":[{"href":"https:\/\/eportfolios.capilanou.ca\/dallasmckinnon\/wp-json\/wp\/v2\/types\/page"}],"author":[{"embeddable":true,"href":"https:\/\/eportfolios.capilanou.ca\/dallasmckinnon\/wp-json\/wp\/v2\/users\/9746"}],"replies":[{"embeddable":true,"href":"https:\/\/eportfolios.capilanou.ca\/dallasmckinnon\/wp-json\/wp\/v2\/comments?post=115"}],"version-history":[{"count":3,"href":"https:\/\/eportfolios.capilanou.ca\/dallasmckinnon\/wp-json\/wp\/v2\/pages\/115\/revisions"}],"predecessor-version":[{"id":292,"href":"https:\/\/eportfolios.capilanou.ca\/dallasmckinnon\/wp-json\/wp\/v2\/pages\/115\/revisions\/292"}],"wp:attachment":[{"href":"https:\/\/eportfolios.capilanou.ca\/dallasmckinnon\/wp-json\/wp\/v2\/media?parent=115"}],"curies":[{"name":"wp","href":"https:\/\/api.w.org\/{rel}","templated":true}]}}